 -5*m - o + 187 = 0, 44 = m - 3*o + o. Let q = 47 - m. What is the remainder when q is divided by f(-4)?
3
Let i = -1 - 0. Suppose -3*m - 29 = -d, -2*d + d - 2*m + 4 = 0. What is the remainder when d is divided by i*((-3)/(-1))/(-1)?
2
Suppose 0*s + 13*s - 2301 = 0. What is the remainder when s is divided by 26?
21
Suppose -4*r - 4*f + 9*f + 46 = 0, -2*r - 3*f + 12 = 0. Calculate the remainder when 2/(-8) + (-153)/(-4) is divided by r.
2
Let o = -6 + 10. Suppose o*r - 12 = 2*f, 1 = 3*r + 3*f - 17. Suppose 68 = 4*g + 2*c, r*g - 2*c - 58 = c. Calculate the remainder when 62 is divided by g.
14
Let a(p) = p**3 - 6*p**2 - 6*p - 4. Let c be a(7). Suppose c*u = 7 - 1. Suppose -6 - 10 = -u*g. What is the remainder when 21 is divided by g?
5
Let w(x) = -x**2 + 5*x + 6. Let i be w(6). Let v be (54 - (i + -2)) + 3. Let u = v - 40. What is the remainder when 36 is divided by u?
17
Calculate the remainder when 180 is divided by (-16 - (-286)/39)*(-6)/4.
11
Let j(r) = 12*r**2 - 14*r. Let h be j(6). Suppose -5*t = -4*b + 723, 0*b + 2*t - h = -2*b. Calculate the remainder when b is divided by 46.
39
Let n = -444 - -448. What is the remainder when 38 is divided by n?
2
Let f(d) = d**3 + 16*d**2 + 14*d. Let b = 118 + -64. What is the remainder when b is divided by f(-15)?
9
Suppose -4*c - 17 = -3*p, -5*c + 6 = -2*p + 29. Let o(v) = -v**3 - 3*v**2 + 7*v + 9. Calculate the remainder when 142 is divided by o(c).
22
Suppose -415 = -2*t + 3*z, 2*z + 197 = t - 13. Calculate the remainder when t is divided by 17.
13
Suppose 3*o - 15 = -2*l - l, o - 2*l + 10 = 0. Suppose f + f - 42 = o. What is the remainder when f is divided by 48/6*(1 + 0)?
5
Suppose -106*b + 115*b - 72 = 0. Calculate the remainder when 49 is divided by b.
1
Suppose -4*p - 135 + 523 = 0. Suppose 3*a + 2*a = 110. Suppose h + a = p. Calculate the remainder when h is divided by 26.
23
Let y(m) be the third derivative of m**6/120 + m**5/60 - m**4/24 + 7*m**3/6 + 5*m**2. What is the remainder when 18 is divided by y(0)?
4
Let o = 451 - 371. Calculate the remainder when o is divided by 47.
33
Let g = 0 + 2. Let x(t) = t**3 + 13*t**2 + t + 5*t - 3*t**g - 4. Calculate the remainder when x(-9) is divided by 13.
10
Let z(l) = -l**2 + 5*l - 3. Let h be z(4). Let k be h*-2*(-1)/(-2). What is the remainder when -2 + k + 5 - -3 is divided by 3?
2
Let s(t) = t**2 - 25*t + 78. Suppose 5*y = 60 + 115. What is the remainder when y is divided by s(22)?
11
Let w(k) = -k + 20. Let j be w(13). Let b = 17 - j. What is the remainder when 2*-19*(0 + -1) is divided by b?
8
Suppose -3*n = -b - 141, -5*n - 9*b = -13*b - 228. Calculate the remainder when 190 is divided by n.
46
Suppose 4*l - 4*u = 12, 2*u = 4*u + 8. Calculate the remainder when 46 is divided by 11 + l + -3 + 3.
6
Suppose 0 = 5*v - 3*u - 280, -2*v - 67 + 179 = 2*u. Calculate the remainder when 41 is divided by (3/2)/(6/v).
13
Let p = 1 + -1. Suppose p*j - 96 = -4*j. Calculate the remainder when 71 is divided by j.
23
Suppose 0 = g - 2*h + 1 - 9, 3*h = 3*g - 18. Suppose -2*r + 14 = a, -2*a + 24 = -g*r + 6*r. Calculate the remainder when 157 is divided by a.
7
Suppose p = -4*b + 64, -2*p + 4*b = 44 - 220. Let c = p - 75. Calculate the remainder when 6 is divided by c.
1
Let f = 13 - 11. Let w(m) = f - m - 3*m + 11 + 5*m. What is the remainder when 27 is divided by w(-5)?
3
Suppose 34*j - 28*j - 144 = 0. Calculate the remainder when 291 is divided by j.
3
Suppose 129 = -0*f + 3*f. Let d = 16 - f. Let b = d + 50. Calculate the remainder when b is divided by 12.
11
Let d = -40 - -43. Let f(p) = 16*p**2 - p + 1. Calculate the remainder when f(d) is divided by 29.
26
Let n be 3 - 7/((-21)/(-9)). Suppose -4*w + 170 + 82 = n. Calculate the remainder when w is divided by 16.
15
Let q = 52 - 42. Suppose 27 = q*g - 13. Calculate the remainder when 19 is divided by g.
3
Let d be 4/(-24) - 2235/(-18). Suppose -4*h = 8 - d. Let t = h + -19. Calculate the remainder when 28 is divided by t.
8
Suppose 0 = -p + 5*o - 0*o + 119, -3*p + 5*o + 347 = 0. Suppose h = 3*h - p. Let c(t) = -t**2 - 7*t + 20. What is the remainder when h is divided by c(0)?
17
Let j be (29 + -7)/((-2)/(-4)). Suppose -y = -5*y + j. Suppose 6 = s - y. What is the remainder when s is divided by 10?
7
Let x = -4 - -8. Let d = 13 + -26. Let y = d - -22. What is the remainder when y is divided by x?
1
Let p be 350/(60/35 - (-4)/14). Suppose 0 = 4*w + w - p. Calculate the remainder when w is divided by 9.
8
Suppose 4*m = -2*p - m + 32, 4*p - 2*m - 16 = 0. Suppose 4*h = 13*h - 54. Suppose -3*s + h*s = p. Calculate the remainder when 6 is divided by s.
0
Suppose -3299*x = -3303*x + 52. Let d(a) = a**3 - a**2 - 5*a + 4. Calculate the remainder when x is divided by d(3).
6
Suppose -14 = s - 8. Let f be ((-130)/6)/((-1)/3). Let l = f - s. What is the remainder when l is divided by 18?
17
Suppose -395*g = -406*g + 242. Calculate the remainder when 62 is divided by g.
18
Suppose 2*s - 158 = -4*k + 6*k, 91 = s + 2*k. Let n(w) = 2*w + 39. Calculate the remainder when s is divided by n(-9).
20
Let h(t) = 18*t**2 + 134*t - 7. Calculate the remainder when h(-10) is divided by 7.
5
Let v(k) = 4*k - 64. Let g = 17 + -14. Suppose -78 = -3*q - g*q. What is the remainder when q is divided by v(18)?
5
Let n be (54/(-21))/(3/(-56)). Suppose 6*r - n = 5*r. What is the remainder when r is divided by 25?
23
Let j = -153 + 153. Suppose 2*h + 98 + 50 = 4*s, j = 5*s - 4*h - 191. Calculate the remainder when s is divided by 18.
17
Let w(j) = 35*j - 7. What is the remainder when 202 is divided by w(2)?
13
Let l = 5 - 6. Let g be (-12)/(-9)*6/4. Let d = g - l. What is the remainder when 5 is divided by d?
2
Let v(s) = -s**2 + 2*s + 3. Let x be v(4). Let h(a) = 6 - 3 - 10*a + 7*a. What is the remainder when 33 is divided by h(x)?
15
Suppose -296 = -4*d + 5*w, d = -3*d + 4*w + 292. What is the remainder when 756 is divided by d?
66
Let i = 113 - -78. What is the remainder when i is divided by 48?
47
Suppose 0 = 7*p + 16 + 5. Calculate the remainder when 19 is divided by (-1)/(p/30*2).
4
Let d(z) = -6*z + 6 + 13 - 2. Calculate the remainder when d(-5) is divided by 16.
15
Suppose j = 3*d - 3*j - 42, -2*d = 2*j - 42. Let v(p) = 2*p**3 + 159*p**2 - 80*p + 71. Calculate the remainder when v(-80) is divided by d.
17
Suppose 0*j + 3*j - 33 = 0. Suppose u = -v + j, 2*u - 5*v + 3*v - 34 = 0. Let t = 30 + 9. What is the remainder when t is divided by u?
11
Let h = -1102 + 1134. Calculate the remainder when 91 is divided by h.
27
Let k(o) = o**3 + 9*o**2 + 9*o - 5. Let h be k(-7). Let i = 44 - h. What is the remainder when (-2)/6 + (-205)/(-3) is divided by i?
12
Suppose 0*o + 3672 = 34*o. What is the remainder when o is divided by 34?
6
Suppose 0*j + 4*j = -2*u + 14, 3*j - 6 = 0. Suppose -2 = u*b - 23. Calculate the remainder when 2 - 0 - 1*-18 is divided by b.
6
Let y be (7 + -5)/(1/(-1)). Calculate the remainder when ((-2)/(-4))/(y/(-244)) is divided by 16.
13
Let v = -29 - -9. Let y be (2 + v/12)*15. Let a(n) = -n**3 + 5*n**2 + 4*n - 6. What is the remainder when 54 is divided by a(y)?
12
Calculate the remainder when (-30)/225 - (-677)/(-30)*-2 is divided by 13.
6
Let p be -1 + (18 + -3 - 2). Suppose 59 + 133 = p*i. Calculate the remainder when i is divided by 6.
4
Calculate the remainder when 260 is divided by (-3 - 110/(-20))*36/3.
20
Suppose -4*o = -47 - 85. What is the remainder when o is divided by 5?
3
Calculate the remainder when 5 is divided by (-4)/(-24)*6 - 0/(-2).
0
Suppose 0 = 5*p + 3*u - 1294, -511 = -3*p + p + u. Calculate the remainder when p is divided by 52.
49
Suppose -7*y = -4*y - 207. Calculate the remainder when 479 is divided by y.
65
Let l(n) = -n**3 + 8*n**2 + 10*n - 5. Let w be l(9). Suppose 0 = -w*a + 127 - 27. Calculate the remainder when 98 is divided by a.
23
What is the remainder when 2588 is divided by (-4)/(-8)*21*20/3?
68
Suppose -5*w = -7*w - 12. Let f = -16 + 26. Calculate the remainder when w/2*(-370)/30 is divided by f.
7
Suppose 0 = 3*l - i + 6*i + 15, 4*l + 12 = -4*i. Suppose -39 = -4*a + 3*v, -4*v + 15 = -4*a + 51. Let c = a + l. What is the remainder when c is divided by 7?
5
Let p be ((-45)/18)/((-2)/100). Suppose -i + p = 17. Calculate the remainder when i is divided by 37.
34
Let y = -6 - -78. Let s = 